{"id":9,"date":"2025-09-30T13:33:35","date_gmt":"2025-09-30T13:33:35","guid":{"rendered":"https:\/\/vacuumventiel.nl\/?page_id=9"},"modified":"2025-09-30T13:40:16","modified_gmt":"2025-09-30T13:40:16","slug":"home","status":"publish","type":"page","link":"https:\/\/vacuumventiel.nl\/","title":{"rendered":"Home"},"content":{"rendered":"<p>[et_pb_section fb_built=&#8221;1&#8243; admin_label=&#8221;Header&#8221; _builder_version=&#8221;4.24.2&#8243; _module_preset=&#8221;default&#8221; locked=&#8221;off&#8221; collapsed=&#8221;on&#8221; global_colors_info=&#8221;{}&#8221;][et_pb_row _builder_version=&#8221;4.24.2&#8243; _module_preset=&#8221;default&#8221; width=&#8221;90%&#8221; max_width=&#8221;none&#8221; global_colors_info=&#8221;{}&#8221;][et_pb_column type=&#8221;4_4&#8243; _builder_version=&#8221;4.24.2&#8243; _module_preset=&#8221;default&#8221; global_colors_info=&#8221;{}&#8221;][et_pb_text _builder_version=&#8221;4.24.2&#8243; _module_preset=&#8221;5bddf01c-48d2-4dcf-8e5a-34b07a231930&#8243; global_colors_info=&#8221;{}&#8221;]<\/p>\n<h1>vacuumventiel.nl<\/h1>\n<p>[\/et_pb_text][\/et_pb_column][\/et_pb_row][et_pb_row column_structure=&#8221;1_3,1_3,1_3&#8243; _builder_version=&#8221;4.24.2&#8243; _module_preset=&#8221;default&#8221; width=&#8221;90%&#8221; max_width=&#8221;none&#8221; global_colors_info=&#8221;{}&#8221;][et_pb_column type=&#8221;1_3&#8243; _builder_version=&#8221;4.24.2&#8243; _module_preset=&#8221;default&#8221; global_colors_info=&#8221;{}&#8221;][et_pb_text _builder_version=&#8221;4.27.4&#8243; _module_preset=&#8221;2ecb69c9-1511-4baf-aa92-d99d800008b5&#8243; custom_margin=&#8221;|-389px||||&#8221; locked=&#8221;off&#8221; global_colors_info=&#8221;{}&#8221;]<\/p>\n<p data-start=\"330\" data-end=\"698\">Welkom bij <strong data-start=\"341\" data-end=\"361\">Vacuumventiel.nl<\/strong>, d\u00e9 online bron voor informatie over vacu\u00fcmventielen. Een vacu\u00fcmventiel is een essentieel onderdeel in moderne industri\u00eble processen waarbij onderdruk of vacu\u00fcmstromen gecontroleerd moeten worden. Deze ventielen worden toegepast in uiteenlopende sectoren zoals verpakkingsindustrie, robotica, medische techniek en algemene pneumatiek.<\/p>\n<p data-start=\"700\" data-end=\"821\">Op deze pagina ontdek je wat vacu\u00fcmventielen zijn, welke soorten er bestaan, hoe ze werken en waar ze worden toegepast.<\/p>\n<p>[\/et_pb_text][\/et_pb_column][et_pb_column type=&#8221;1_3&#8243; _builder_version=&#8221;4.24.2&#8243; _module_preset=&#8221;default&#8221; global_colors_info=&#8221;{}&#8221;][\/et_pb_column][et_pb_column type=&#8221;1_3&#8243; _builder_version=&#8221;4.24.2&#8243; _module_preset=&#8221;default&#8221; global_colors_info=&#8221;{}&#8221;][\/et_pb_column][\/et_pb_row][\/et_pb_section][et_pb_section fb_built=&#8221;1&#8243; admin_label=&#8221;Models&#8221; _builder_version=&#8221;4.24.2&#8243; _module_preset=&#8221;default&#8221; background_color=&#8221;#000000&#8243; locked=&#8221;off&#8221; collapsed=&#8221;on&#8221; global_colors_info=&#8221;{}&#8221;][et_pb_row column_structure=&#8221;1_2,1_2&#8243; _builder_version=&#8221;4.24.2&#8243; _module_preset=&#8221;default&#8221; width=&#8221;90%&#8221; max_width=&#8221;2000px&#8221; global_colors_info=&#8221;{}&#8221;][et_pb_column type=&#8221;1_2&#8243; _builder_version=&#8221;4.24.2&#8243; _module_preset=&#8221;default&#8221; global_colors_info=&#8221;{}&#8221;][et_pb_image src=&#8221;https:\/\/vacuumventiel.nl\/wp-content\/uploads\/2025\/09\/vacuumvent-univer-thumb.webp&#8221; title_text=&#8221;vacuumvent-univer-thumb&#8221; _builder_version=&#8221;4.27.4&#8243; _module_preset=&#8221;default&#8221; min_height=&#8221;252px&#8221; global_colors_info=&#8221;{}&#8221;][\/et_pb_image][\/et_pb_column][et_pb_column type=&#8221;1_2&#8243; _builder_version=&#8221;4.24.2&#8243; _module_preset=&#8221;default&#8221; global_colors_info=&#8221;{}&#8221;][et_pb_text _builder_version=&#8221;4.24.2&#8243; _module_preset=&#8221;6b11968b-35f0-4667-8c2a-fe6b3f0d3dd9&#8243; header_3_text_color=&#8221;#FFFFFF&#8221; max_width=&#8221;510px&#8221; custom_margin=&#8221;||10px||false|false&#8221; global_colors_info=&#8221;{}&#8221;]<\/p>\n<h3>Wat is een vacu\u00fcmventiel?<\/h3>\n<p>[\/et_pb_text][et_pb_text _builder_version=&#8221;4.24.2&#8243; _module_preset=&#8221;2ecb69c9-1511-4baf-aa92-d99d800008b5&#8243; text_text_color=&#8221;#FFFFFF&#8221; max_width=&#8221;510px&#8221; global_colors_info=&#8221;{}&#8221;]<\/p>\n<p>Een vacu\u00fcmventiel is een speciaal type ventiel dat luchtstromen regelt in vacu\u00fcmsystemen. Ze zijn ontworpen om onderdruk te cre\u00ebren, behouden of af te sluiten, en zijn daarbij vaak voorzien van specifieke afdichtingen en materialen die geschikt zijn voor vacu\u00fcmtoepassingen.<\/p>\n<p>[\/et_pb_text][et_pb_text _builder_version=&#8221;4.24.2&#8243; _module_preset=&#8221;6b11968b-35f0-4667-8c2a-fe6b3f0d3dd9&#8243; header_3_text_color=&#8221;#FFFFFF&#8221; max_width=&#8221;510px&#8221; custom_margin=&#8221;||10px||false|false&#8221; global_colors_info=&#8221;{}&#8221;]<\/p>\n<h3>Soorten vacu\u00fcmventielen<\/h3>\n<p>[\/et_pb_text][et_pb_text _builder_version=&#8221;4.24.2&#8243; _module_preset=&#8221;2ecb69c9-1511-4baf-aa92-d99d800008b5&#8243; text_text_color=&#8221;#FFFFFF&#8221; max_width=&#8221;510px&#8221; global_colors_info=&#8221;{}&#8221;]<\/p>\n<p data-start=\"1386\" data-end=\"1471\">Vacu\u00fcmventielen zijn er in verschillende uitvoeringen, elk met hun eigen voordelen:<\/p>\n<ul data-start=\"1473\" data-end=\"1849\">\n<li data-start=\"1473\" data-end=\"1585\">\n<p data-start=\"1475\" data-end=\"1585\"><strong data-start=\"1475\" data-end=\"1502\">Handmatig vacu\u00fcmventiel<\/strong> \u2013 eenvoudig bedienbaar, ideaal voor proefopstellingen of kleinschalige systemen.<\/p>\n<\/li>\n<li data-start=\"1586\" data-end=\"1681\">\n<p data-start=\"1588\" data-end=\"1681\"><strong data-start=\"1588\" data-end=\"1614\">Solenoid vacu\u00fcmventiel<\/strong> \u2013 elektrisch gestuurd, geschikt voor geautomatiseerde processen.<\/p>\n<\/li>\n<li data-start=\"1682\" data-end=\"1764\">\n<p data-start=\"1684\" data-end=\"1764\"><strong data-start=\"1684\" data-end=\"1712\">Mechanisch vacu\u00fcmventiel<\/strong> \u2013 robuust en betrouwbaar voor zware toepassingen.<\/p>\n<\/li>\n<li data-start=\"1765\" data-end=\"1849\">\n<p data-start=\"1767\" data-end=\"1849\"><strong data-start=\"1767\" data-end=\"1789\">ATEX vacu\u00fcmventiel<\/strong> \u2013 geschikt voor gevaarlijke omgevingen volgens ATEX-norm.<\/p>\n<\/li>\n<\/ul>\n<p>[\/et_pb_text][et_pb_text _builder_version=&#8221;4.24.2&#8243; _module_preset=&#8221;6b11968b-35f0-4667-8c2a-fe6b3f0d3dd9&#8243; header_3_text_color=&#8221;#FFFFFF&#8221; max_width=&#8221;510px&#8221; custom_margin=&#8221;||10px||false|false&#8221; global_colors_info=&#8221;{}&#8221;]<\/p>\n<h3>Toepassingen van vacu\u00fcmventielen<\/h3>\n<p>[\/et_pb_text][et_pb_text _builder_version=&#8221;4.24.2&#8243; _module_preset=&#8221;2ecb69c9-1511-4baf-aa92-d99d800008b5&#8243; text_text_color=&#8221;#FFFFFF&#8221; max_width=&#8221;510px&#8221; global_colors_info=&#8221;{}&#8221;]<\/p>\n<p data-start=\"1994\" data-end=\"2066\">Vacu\u00fcmventielen worden gebruikt in tal van toepassingen, bijvoorbeeld:<\/p>\n<ul data-start=\"2067\" data-end=\"2333\">\n<li data-start=\"2067\" data-end=\"2137\">\n<p data-start=\"2069\" data-end=\"2137\"><strong data-start=\"2069\" data-end=\"2093\">Verpakkingsindustrie<\/strong> \u2013 pick &amp; place systemen, vacu\u00fcm verpakken<\/p>\n<\/li>\n<li data-start=\"2138\" data-end=\"2201\">\n<p data-start=\"2140\" data-end=\"2201\"><strong data-start=\"2140\" data-end=\"2170\">Automatisering en robotica<\/strong> \u2013 vacu\u00fcm grijpers en lifters<\/p>\n<\/li>\n<li data-start=\"2202\" data-end=\"2262\">\n<p data-start=\"2204\" data-end=\"2262\"><strong data-start=\"2204\" data-end=\"2225\">Medische techniek<\/strong> \u2013 vacu\u00fcmtoepassingen in apparatuur<\/p>\n<\/li>\n<li data-start=\"2263\" data-end=\"2333\">\n<p data-start=\"2265\" data-end=\"2333\"><strong data-start=\"2265\" data-end=\"2288\">Algemene pneumatiek<\/strong> \u2013 luchtbehandeling en procesautomatisering<\/p>\n<\/li>\n<\/ul>\n<p>[\/et_pb_text][\/et_pb_column][\/et_pb_row][\/et_pb_section][et_pb_section fb_built=&#8221;1&#8243; admin_label=&#8221;Featured Models&#8221; _builder_version=&#8221;4.24.2&#8243; _module_preset=&#8221;default&#8221; locked=&#8221;off&#8221; collapsed=&#8221;on&#8221; global_colors_info=&#8221;{}&#8221;][et_pb_row _builder_version=&#8221;4.24.2&#8243; _module_preset=&#8221;default&#8221; width=&#8221;90%&#8221; max_width=&#8221;2000px&#8221; global_colors_info=&#8221;{}&#8221;][et_pb_column type=&#8221;4_4&#8243; _builder_version=&#8221;4.24.2&#8243; _module_preset=&#8221;default&#8221; global_colors_info=&#8221;{}&#8221;][et_pb_text _builder_version=&#8221;4.24.2&#8243; _module_preset=&#8221;feea4545-d6be-4226-802e-416fed15c427&#8243; global_colors_info=&#8221;{}&#8221;]<\/p>\n<h2>Featured Models<\/h2>\n<p>[\/et_pb_text][\/et_pb_column][\/et_pb_row][et_pb_row column_structure=&#8221;1_3,1_3,1_3&#8243; _builder_version=&#8221;4.24.2&#8243; _module_preset=&#8221;default&#8221; width=&#8221;90%&#8221; max_width=&#8221;2000px&#8221; global_colors_info=&#8221;{}&#8221;][et_pb_column type=&#8221;1_3&#8243; _builder_version=&#8221;4.24.2&#8243; _module_preset=&#8221;default&#8221; global_colors_info=&#8221;{}&#8221;][et_pb_image src=&#8221;https:\/\/vacuumventiel.nl\/wp-content\/uploads\/2025\/09\/m_AG-3243.webp&#8221; title_text=&#8221;m_AG-3243&#8243; url=&#8221;https:\/\/www.pneumatiek.nl\/pneumatiek\/ventielen\/vacuum-ventiel\/3-2-w-m-v-vacuum-1-no-servo-m\/&#8221; overlay_icon_color=&#8221;#FFFFFF&#8221; hover_overlay_color=&#8221;rgba(198,186,172,0.5)&#8221; _builder_version=&#8221;4.27.4&#8243; _module_preset=&#8221;02b9b358-a5d6-477c-992b-a36927c71655&#8243; custom_margin=&#8221;||20px||false|false&#8221; global_colors_info=&#8221;{}&#8221;][\/et_pb_image][et_pb_text _builder_version=&#8221;4.27.4&#8243; _module_preset=&#8221;559a69bc-b55e-4a20-90ee-fc6f3937f115&#8243; link_option_url=&#8221;https:\/\/www.pneumatiek.nl\/pneumatiek\/ventielen\/vacuum-ventiel\/3-2-w-m-v-vacuum-1-no-servo-m\/&#8221; global_colors_info=&#8221;{}&#8221;]<\/p>\n<h1 class=\"artid\" style=\"text-align: center;\">AG-3243<\/h1>\n<p>[\/et_pb_text][\/et_pb_column][et_pb_column type=&#8221;1_3&#8243; _builder_version=&#8221;4.24.2&#8243; _module_preset=&#8221;default&#8221; global_colors_info=&#8221;{}&#8221;][et_pb_image src=&#8221;https:\/\/vacuumventiel.nl\/wp-content\/uploads\/2025\/09\/m_AG-321.webp&#8221; title_text=&#8221;m_AG-321&#8243; url=&#8221;https:\/\/www.pneumatiek.nl\/pneumatiek\/ventielen\/vacuum-ventiel\/3-2-w-m-v-vacuum-dn8-1-4-no-m\/&#8221; overlay_icon_color=&#8221;#FFFFFF&#8221; hover_overlay_color=&#8221;RGBA(198,186,172,0.5)&#8221; _builder_version=&#8221;4.27.4&#8243; _module_preset=&#8221;02b9b358-a5d6-477c-992b-a36927c71655&#8243; custom_margin=&#8221;||20px||false|false&#8221; global_colors_info=&#8221;{}&#8221;][\/et_pb_image][et_pb_text _builder_version=&#8221;4.27.4&#8243; _module_preset=&#8221;559a69bc-b55e-4a20-90ee-fc6f3937f115&#8243; link_option_url=&#8221;https:\/\/www.pneumatiek.nl\/pneumatiek\/ventielen\/vacuum-ventiel\/3-2-w-m-v-vacuum-dn8-1-4-no-m\/&#8221; global_colors_info=&#8221;{}&#8221;]<\/p>\n<h1 class=\"artid\" style=\"text-align: center;\">AG-3211<\/h1>\n<p>[\/et_pb_text][\/et_pb_column][et_pb_column type=&#8221;1_3&#8243; _builder_version=&#8221;4.24.2&#8243; _module_preset=&#8221;default&#8221; global_colors_info=&#8221;{}&#8221;][et_pb_image src=&#8221;https:\/\/vacuumventiel.nl\/wp-content\/uploads\/2025\/09\/m_AF-2600.webp&#8221; title_text=&#8221;m_AF-2600&#8243; url=&#8221;https:\/\/www.pneumatiek.nl\/pneumatiek\/ventielen\/vacuum-ventiel\/3-2-w-v-nc-1-8-perslucht-vacuum\/&#8221; overlay_icon_color=&#8221;#FFFFFF&#8221; hover_overlay_color=&#8221;RGBA(198,186,172,0.5)&#8221; _builder_version=&#8221;4.27.4&#8243; _module_preset=&#8221;02b9b358-a5d6-477c-992b-a36927c71655&#8243; custom_margin=&#8221;||20px||false|false&#8221; global_colors_info=&#8221;{}&#8221;][\/et_pb_image][et_pb_text _builder_version=&#8221;4.27.4&#8243; _module_preset=&#8221;559a69bc-b55e-4a20-90ee-fc6f3937f115&#8243; link_option_url=&#8221;https:\/\/www.pneumatiek.nl\/pneumatiek\/ventielen\/vacuum-ventiel\/3-2-w-v-nc-1-8-perslucht-vacuum\/&#8221; global_colors_info=&#8221;{}&#8221;]<\/p>\n<h1 class=\"artid\" style=\"text-align: center;\">AF-2600<\/h1>\n<p>[\/et_pb_text][\/et_pb_column][\/et_pb_row][\/et_pb_section]<\/p>\n","protected":false},"excerpt":{"rendered":"<p>vacuumventiel.nlWelkom bij Vacuumventiel.nl, d\u00e9 online bron voor informatie over vacu\u00fcmventielen. Een vacu\u00fcmventiel is een essentieel onderdeel in moderne industri\u00eble processen waarbij onderdruk of vacu\u00fcmstromen gecontroleerd moeten worden. Deze ventielen worden toegepast in uiteenlopende sectoren zoals verpakkingsindustrie, robotica, medische techniek en algemene pneumatiek. Op deze pagina ontdek je wat vacu\u00fcmventielen zijn, welke soorten er bestaan, hoe [&hellip;]<\/p>\n","protected":false},"author":2,"featured_media":0,"parent":0,"menu_order":0,"comment_status":"closed","ping_status":"closed","template":"","meta":{"_et_pb_use_builder":"on","_et_pb_old_content":"","_et_gb_content_width":"","footnotes":""},"class_list":["post-9","page","type-page","status-publish","hentry"],"jetpack_sharing_enabled":true,"_links":{"self":[{"href":"https:\/\/vacuumventiel.nl\/index.php?rest_route=\/wp\/v2\/pages\/9","targetHints":{"allow":["GET"]}}],"collection":[{"href":"https:\/\/vacuumventiel.nl\/index.php?rest_route=\/wp\/v2\/pages"}],"about":[{"href":"https:\/\/vacuumventiel.nl\/index.php?rest_route=\/wp\/v2\/types\/page"}],"author":[{"embeddable":true,"href":"https:\/\/vacuumventiel.nl\/index.php?rest_route=\/wp\/v2\/users\/2"}],"replies":[{"embeddable":true,"href":"https:\/\/vacuumventiel.nl\/index.php?rest_route=%2Fwp%2Fv2%2Fcomments&post=9"}],"version-history":[{"count":4,"href":"https:\/\/vacuumventiel.nl\/index.php?rest_route=\/wp\/v2\/pages\/9\/revisions"}],"predecessor-version":[{"id":30,"href":"https:\/\/vacuumventiel.nl\/index.php?rest_route=\/wp\/v2\/pages\/9\/revisions\/30"}],"wp:attachment":[{"href":"https:\/\/vacuumventiel.nl\/index.php?rest_route=%2Fwp%2Fv2%2Fmedia&parent=9"}],"curies":[{"name":"wp","href":"https:\/\/api.w.org\/{rel}","templated":true}]}}